{"id":30,"date":"2013-02-20T19:46:52","date_gmt":"2013-02-20T18:46:52","guid":{"rendered":"http:\/\/www.cremaval.com\/wordpress\/?page_id=30"},"modified":"2013-11-20T09:29:12","modified_gmt":"2013-11-20T08:29:12","slug":"adornos-confeccion","status":"publish","type":"page","link":"https:\/\/cremaval.com\/wordpress\/productos\/adornos-confeccion\/","title":{"rendered":"Adornos y Fornituras para la Confecci\u00f3n"},"content":{"rendered":"<h1><\/h1>\n<h1><span style=\"color: #000000; font-size: 15px; font-weight: bold; line-height: 21px;\">COMPLEMENTOS Y FORNITURAS PARA LA CONFECCI\u00d3N<\/span><\/h1>\n<p>&nbsp;<\/p>\n<p><strong>BIESES<\/strong> para ribetear o terminar telas<\/p>\n<p><strong style=\"line-height: 19px;\">BOTONES<\/strong><span style=\"line-height: 19px;\"> en variadas formas y colores\u00a0<\/span><\/p>\n<p><span style=\"line-height: 19px;\"><strong>CORDONES R\u00cdGIDOS Y EL\u00c1STICOS<\/strong> para atar y adornar<\/span><\/p>\n<p><strong>ENTRETELAS<\/strong> para dar cuerpo a las prendas<\/p>\n<p><strong><span style=\"line-height: 19px;\">CINTER\u00cd<\/span><\/strong><span style=\"line-height: 19px;\"><strong>A<\/strong> para lazos, ataduras o ribetes<\/span><\/p>\n<p><strong>PASAMANERIAS<\/strong>\u00a0para adornos y remates<\/p>\n<p><strong>ENCAJES<\/strong> de Bolillos, de Algodon, de Nylon, en multitud de acabados y medidas<\/p>\n<p><strong>BORDADOS<\/strong> para personalizar o reparar sus prendas<\/p>\n<p><strong>ABALORIOS<\/strong><\/p>\n<p>&nbsp;<\/p>\n<p><span style=\"line-height: 19px;\">\n\t\t<style type=\"text\/css\">\n\t\t\t#gallery-1 {\n\t\t\t\tmargin: auto;\n\t\t\t}\n\t\t\t#gallery-1 .gallery-item {\n\t\t\t\tfloat: left;\n\t\t\t\tmargin-top: 10px;\n\t\t\t\ttext-align: center;\n\t\t\t\twidth: 33%;\n\t\t\t}\n\t\t\t#gallery-1 img {\n\t\t\t\tborder: 2px solid #cfcfcf;\n\t\t\t}\n\t\t\t#gallery-1 .gallery-caption {\n\t\t\t\tmargin-left: 0;\n\t\t\t}\n\t\t\t\/* see gallery_shortcode() in wp-includes\/media.php *\/\n\t\t<\/style>\n\t\t<div id='gallery-1' class='gallery galleryid-30 gallery-columns-3 gallery-size-thumbnail'><dl class='gallery-item'>\n\t\t\t<dt class='gallery-icon landscape'>\n\t\t\t\t<a href='https:\/\/cremaval.com\/wordpress\/productos\/adornos-confeccion\/bies\/'><img width=\"150\" height=\"150\" src=\"https:\/\/cremaval.com\/wordpress\/wp-content\/uploads\/2013\/02\/bies-150x150.jpg\" class=\"attachment-thumbnail size-thumbnail\" alt=\"\" decoding=\"async\" aria-describedby=\"gallery-1-367\" loading=\"lazy\" \/><\/a>\n\t\t\t<\/dt>\n\t\t\t\t<dd class='wp-caption-text gallery-caption' id='gallery-1-367'>\n\t\t\t\tCINTA BIES\n\t\t\t\t<\/dd><\/dl><dl class='gallery-item'>\n\t\t\t<dt class='gallery-icon '>\n\t\t\t\t<a href='https:\/\/cremaval.com\/wordpress\/productos\/adornos-confeccion\/botones\/'><img width=\"1\" height=\"1\" src=\"https:\/\/cremaval.com\/wordpress\/wp-content\/uploads\/2013\/02\/botones.bmp\" class=\"attachment-thumbnail size-thumbnail\" alt=\"\" decoding=\"async\" aria-describedby=\"gallery-1-336\" loading=\"lazy\" \/><\/a>\n\t\t\t<\/dt>\n\t\t\t\t<dd class='wp-caption-text gallery-caption' id='gallery-1-336'>\n\t\t\t\tBOTONES\n\t\t\t\t<\/dd><\/dl><dl class='gallery-item'>\n\t\t\t<dt class='gallery-icon landscape'>\n\t\t\t\t<a href='https:\/\/cremaval.com\/wordpress\/productos\/adornos-confeccion\/cordon\/'><img width=\"150\" height=\"150\" src=\"https:\/\/cremaval.com\/wordpress\/wp-content\/uploads\/2013\/02\/cordon-150x150.jpg\" class=\"attachment-thumbnail size-thumbnail\" alt=\"\" decoding=\"async\" aria-describedby=\"gallery-1-337\" loading=\"lazy\" \/><\/a>\n\t\t\t<\/dt>\n\t\t\t\t<dd class='wp-caption-text gallery-caption' id='gallery-1-337'>\n\t\t\t\tCORDON\n\t\t\t\t<\/dd><\/dl><br style=\"clear: both\" \/><dl class='gallery-item'>\n\t\t\t<dt class='gallery-icon landscape'>\n\t\t\t\t<a href='https:\/\/cremaval.com\/wordpress\/productos\/adornos-confeccion\/entretelas\/'><img width=\"150\" height=\"150\" src=\"https:\/\/cremaval.com\/wordpress\/wp-content\/uploads\/2013\/02\/entretelas-150x150.jpg\" class=\"attachment-thumbnail size-thumbnail\" alt=\"\" decoding=\"async\" aria-describedby=\"gallery-1-338\" loading=\"lazy\" srcset=\"https:\/\/cremaval.com\/wordpress\/wp-content\/uploads\/2013\/02\/entretelas-150x150.jpg 150w, https:\/\/cremaval.com\/wordpress\/wp-content\/uploads\/2013\/02\/entretelas-300x300.jpg 300w, https:\/\/cremaval.com\/wordpress\/wp-content\/uploads\/2013\/02\/entretelas.jpg 450w\" sizes=\"(max-width: 150px) 100vw, 150px\" \/><\/a>\n\t\t\t<\/dt>\n\t\t\t\t<dd class='wp-caption-text gallery-caption' id='gallery-1-338'>\n\t\t\t\tENTRETELAS\n\t\t\t\t<\/dd><\/dl><dl class='gallery-item'>\n\t\t\t<dt class='gallery-icon landscape'>\n\t\t\t\t<a href='https:\/\/cremaval.com\/wordpress\/productos\/adornos-confeccion\/saten\/'><img width=\"150\" height=\"150\" src=\"https:\/\/cremaval.com\/wordpress\/wp-content\/uploads\/2013\/02\/saten-150x150.jpg\" class=\"attachment-thumbnail size-thumbnail\" alt=\"\" decoding=\"async\" aria-describedby=\"gallery-1-339\" loading=\"lazy\" \/><\/a>\n\t\t\t<\/dt>\n\t\t\t\t<dd class='wp-caption-text gallery-caption' id='gallery-1-339'>\n\t\t\t\tCINTAS DE RASO\n\t\t\t\t<\/dd><\/dl><dl class='gallery-item'>\n\t\t\t<dt class='gallery-icon landscape'>\n\t\t\t\t<a href='https:\/\/cremaval.com\/wordpress\/productos\/adornos-confeccion\/encajes\/'><img width=\"150\" height=\"150\" src=\"https:\/\/cremaval.com\/wordpress\/wp-content\/uploads\/2013\/02\/ENCAJES-150x150.jpg\" class=\"attachment-thumbnail size-thumbnail\" alt=\"\" decoding=\"async\" aria-describedby=\"gallery-1-383\" loading=\"lazy\" srcset=\"https:\/\/cremaval.com\/wordpress\/wp-content\/uploads\/2013\/02\/ENCAJES-150x150.jpg 150w, https:\/\/cremaval.com\/wordpress\/wp-content\/uploads\/2013\/02\/ENCAJES-300x300.jpg 300w, https:\/\/cremaval.com\/wordpress\/wp-content\/uploads\/2013\/02\/ENCAJES.jpg 800w\" sizes=\"(max-width: 150px) 100vw, 150px\" \/><\/a>\n\t\t\t<\/dt>\n\t\t\t\t<dd class='wp-caption-text gallery-caption' id='gallery-1-383'>\n\t\t\t\tPUNTILLA\n\t\t\t\t<\/dd><\/dl><br style=\"clear: both\" \/><dl class='gallery-item'>\n\t\t\t<dt class='gallery-icon landscape'>\n\t\t\t\t<a href='https:\/\/cremaval.com\/wordpress\/productos\/adornos-confeccion\/encaje\/'><img width=\"150\" height=\"150\" src=\"https:\/\/cremaval.com\/wordpress\/wp-content\/uploads\/2013\/02\/ENCAJE-150x150.jpg\" class=\"attachment-thumbnail size-thumbnail\" alt=\"\" decoding=\"async\" aria-describedby=\"gallery-1-384\" loading=\"lazy\" \/><\/a>\n\t\t\t<\/dt>\n\t\t\t\t<dd class='wp-caption-text gallery-caption' id='gallery-1-384'>\n\t\t\t\tENCAJES\n\t\t\t\t<\/dd><\/dl><dl class='gallery-item'>\n\t\t\t<dt class='gallery-icon landscape'>\n\t\t\t\t<a href='https:\/\/cremaval.com\/wordpress\/productos\/adornos-confeccion\/abalorios-2\/'><img width=\"150\" height=\"150\" src=\"https:\/\/cremaval.com\/wordpress\/wp-content\/uploads\/2013\/02\/ABALORIOS1-150x150.jpg\" class=\"attachment-thumbnail size-thumbnail\" alt=\"\" decoding=\"async\" aria-describedby=\"gallery-1-386\" loading=\"lazy\" \/><\/a>\n\t\t\t<\/dt>\n\t\t\t\t<dd class='wp-caption-text gallery-caption' id='gallery-1-386'>\n\t\t\t\tABALORIOS\n\t\t\t\t<\/dd><\/dl>\n\t\t\t<br style='clear: both' \/>\n\t\t<\/div>\n<\/p>\n<p><\/span><\/p>\n<p>&nbsp;<\/p>\n<p>&nbsp;<\/p>\n","protected":false},"excerpt":{"rendered":"<p>COMPLEMENTOS Y FORNITURAS PARA LA CONFECCI\u00d3N &nbsp; BIESES para ribetear o terminar telas BOTONES en variadas formas y colores\u00a0 CORDONES R\u00cdGIDOS Y EL\u00c1STICOS para atar y adornar ENTRETELAS para dar cuerpo a las prendas CINTER\u00cdA para lazos, ataduras o ribetes PASAMANERIAS\u00a0para adornos y remates ENCAJES de Bolillos, de Algodon, de Nylon, en multitud de acabados [&hellip;]<\/p>\n","protected":false},"author":3,"featured_media":0,"parent":9,"menu_order":4,"comment_status":"open","ping_status":"closed","template":"","meta":{"footnotes":""},"yoast_head":"<!-- This site is optimized with the Yoast SEO plugin v21.0 - https:\/\/yoast.com\/wordpress\/plugins\/seo\/ -->\n<title>Adornos y Fornituras para la Confecci\u00f3n - Cremaval<\/title>\n<meta name=\"robots\" content=\"index, follow, max-snippet:-1, max-image-preview:large, max-video-preview:-1\" \/>\n<link rel=\"canonical\" href=\"https:\/\/cremaval.com\/wordpress\/productos\/adornos-confeccion\/\" \/>\n<meta property=\"og:locale\" content=\"es_ES\" \/>\n<meta property=\"og:type\" content=\"article\" \/>\n<meta property=\"og:title\" content=\"Adornos y Fornituras para la Confecci\u00f3n - Cremaval\" \/>\n<meta property=\"og:description\" content=\"COMPLEMENTOS Y FORNITURAS PARA LA CONFECCI\u00d3N &nbsp; BIESES para ribetear o terminar telas BOTONES en variadas formas y colores\u00a0 CORDONES R\u00cdGIDOS Y EL\u00c1STICOS para atar y adornar ENTRETELAS para dar cuerpo a las prendas CINTER\u00cdA para lazos, ataduras o ribetes PASAMANERIAS\u00a0para adornos y remates ENCAJES de Bolillos, de Algodon, de Nylon, en multitud de acabados [&hellip;]\" \/>\n<meta property=\"og:url\" content=\"https:\/\/cremaval.com\/wordpress\/productos\/adornos-confeccion\/\" \/>\n<meta property=\"og:site_name\" content=\"Cremaval\" \/>\n<meta property=\"article:publisher\" content=\"https:\/\/es-es.facebook.com\/CreativabyCremaval\/\" \/>\n<meta property=\"article:modified_time\" content=\"2013-11-20T08:29:12+00:00\" \/>\n<meta property=\"og:image\" content=\"https:\/\/cremaval.com\/wordpress\/wp-content\/uploads\/2013\/02\/bies-150x150.jpg\" \/>\n<meta name=\"twitter:card\" content=\"summary_large_image\" \/>\n<script type=\"application\/ld+json\" class=\"yoast-schema-graph\">{\"@context\":\"https:\/\/schema.org\",\"@graph\":[{\"@type\":\"WebPage\",\"@id\":\"https:\/\/cremaval.com\/wordpress\/productos\/adornos-confeccion\/\",\"url\":\"https:\/\/cremaval.com\/wordpress\/productos\/adornos-confeccion\/\",\"name\":\"Adornos y Fornituras para la Confecci\u00f3n - Cremaval\",\"isPartOf\":{\"@id\":\"https:\/\/cremaval.com\/wordpress\/#website\"},\"datePublished\":\"2013-02-20T18:46:52+00:00\",\"dateModified\":\"2013-11-20T08:29:12+00:00\",\"breadcrumb\":{\"@id\":\"https:\/\/cremaval.com\/wordpress\/productos\/adornos-confeccion\/#breadcrumb\"},\"inLanguage\":\"es\",\"potentialAction\":[{\"@type\":\"ReadAction\",\"target\":[\"https:\/\/cremaval.com\/wordpress\/productos\/adornos-confeccion\/\"]}]},{\"@type\":\"BreadcrumbList\",\"@id\":\"https:\/\/cremaval.com\/wordpress\/productos\/adornos-confeccion\/#breadcrumb\",\"itemListElement\":[{\"@type\":\"ListItem\",\"position\":1,\"name\":\"Portada\",\"item\":\"https:\/\/cremaval.com\/wordpress\/\"},{\"@type\":\"ListItem\",\"position\":2,\"name\":\"Productos\",\"item\":\"https:\/\/cremaval.com\/wordpress\/productos\/\"},{\"@type\":\"ListItem\",\"position\":3,\"name\":\"Adornos y Fornituras para la Confecci\u00f3n\"}]},{\"@type\":\"WebSite\",\"@id\":\"https:\/\/cremaval.com\/wordpress\/#website\",\"url\":\"https:\/\/cremaval.com\/wordpress\/\",\"name\":\"Cremaval\",\"description\":\"Fabrica de Cremalleras Hilos de Coser Cintas de Cierre\",\"publisher\":{\"@id\":\"https:\/\/cremaval.com\/wordpress\/#organization\"},\"potentialAction\":[{\"@type\":\"SearchAction\",\"target\":{\"@type\":\"EntryPoint\",\"urlTemplate\":\"https:\/\/cremaval.com\/wordpress\/?s={search_term_string}\"},\"query-input\":\"required name=search_term_string\"}],\"inLanguage\":\"es\"},{\"@type\":\"Organization\",\"@id\":\"https:\/\/cremaval.com\/wordpress\/#organization\",\"name\":\"Cremaval\",\"url\":\"https:\/\/cremaval.com\/wordpress\/\",\"logo\":{\"@type\":\"ImageObject\",\"inLanguage\":\"es\",\"@id\":\"https:\/\/cremaval.com\/wordpress\/#\/schema\/logo\/image\/\",\"url\":\"https:\/\/cremaval.com\/wordpress\/wp-content\/uploads\/2022\/10\/crelogos.png\",\"contentUrl\":\"https:\/\/cremaval.com\/wordpress\/wp-content\/uploads\/2022\/10\/crelogos.png\",\"width\":2160,\"height\":2160,\"caption\":\"Cremaval\"},\"image\":{\"@id\":\"https:\/\/cremaval.com\/wordpress\/#\/schema\/logo\/image\/\"},\"sameAs\":[\"https:\/\/es-es.facebook.com\/CreativabyCremaval\/\",\"https:\/\/www.instagram.com\/creativabycremaval\/?hl=es\"]}]}<\/script>\n<!-- \/ Yoast SEO plugin. -->","yoast_head_json":{"title":"Adornos y Fornituras para la Confecci\u00f3n - Cremaval","robots":{"index":"index","follow":"follow","max-snippet":"max-snippet:-1","max-image-preview":"max-image-preview:large","max-video-preview":"max-video-preview:-1"},"canonical":"https:\/\/cremaval.com\/wordpress\/productos\/adornos-confeccion\/","og_locale":"es_ES","og_type":"article","og_title":"Adornos y Fornituras para la Confecci\u00f3n - Cremaval","og_description":"COMPLEMENTOS Y FORNITURAS PARA LA CONFECCI\u00d3N &nbsp; BIESES para ribetear o terminar telas BOTONES en variadas formas y colores\u00a0 CORDONES R\u00cdGIDOS Y EL\u00c1STICOS para atar y adornar ENTRETELAS para dar cuerpo a las prendas CINTER\u00cdA para lazos, ataduras o ribetes PASAMANERIAS\u00a0para adornos y remates ENCAJES de Bolillos, de Algodon, de Nylon, en multitud de acabados [&hellip;]","og_url":"https:\/\/cremaval.com\/wordpress\/productos\/adornos-confeccion\/","og_site_name":"Cremaval","article_publisher":"https:\/\/es-es.facebook.com\/CreativabyCremaval\/","article_modified_time":"2013-11-20T08:29:12+00:00","og_image":[{"url":"https:\/\/cremaval.com\/wordpress\/wp-content\/uploads\/2013\/02\/bies-150x150.jpg"}],"twitter_card":"summary_large_image","schema":{"@context":"https:\/\/schema.org","@graph":[{"@type":"WebPage","@id":"https:\/\/cremaval.com\/wordpress\/productos\/adornos-confeccion\/","url":"https:\/\/cremaval.com\/wordpress\/productos\/adornos-confeccion\/","name":"Adornos y Fornituras para la Confecci\u00f3n - Cremaval","isPartOf":{"@id":"https:\/\/cremaval.com\/wordpress\/#website"},"datePublished":"2013-02-20T18:46:52+00:00","dateModified":"2013-11-20T08:29:12+00:00","breadcrumb":{"@id":"https:\/\/cremaval.com\/wordpress\/productos\/adornos-confeccion\/#breadcrumb"},"inLanguage":"es","potentialAction":[{"@type":"ReadAction","target":["https:\/\/cremaval.com\/wordpress\/productos\/adornos-confeccion\/"]}]},{"@type":"BreadcrumbList","@id":"https:\/\/cremaval.com\/wordpress\/productos\/adornos-confeccion\/#breadcrumb","itemListElement":[{"@type":"ListItem","position":1,"name":"Portada","item":"https:\/\/cremaval.com\/wordpress\/"},{"@type":"ListItem","position":2,"name":"Productos","item":"https:\/\/cremaval.com\/wordpress\/productos\/"},{"@type":"ListItem","position":3,"name":"Adornos y Fornituras para la Confecci\u00f3n"}]},{"@type":"WebSite","@id":"https:\/\/cremaval.com\/wordpress\/#website","url":"https:\/\/cremaval.com\/wordpress\/","name":"Cremaval","description":"Fabrica de Cremalleras Hilos de Coser Cintas de Cierre","publisher":{"@id":"https:\/\/cremaval.com\/wordpress\/#organization"},"potentialAction":[{"@type":"SearchAction","target":{"@type":"EntryPoint","urlTemplate":"https:\/\/cremaval.com\/wordpress\/?s={search_term_string}"},"query-input":"required name=search_term_string"}],"inLanguage":"es"},{"@type":"Organization","@id":"https:\/\/cremaval.com\/wordpress\/#organization","name":"Cremaval","url":"https:\/\/cremaval.com\/wordpress\/","logo":{"@type":"ImageObject","inLanguage":"es","@id":"https:\/\/cremaval.com\/wordpress\/#\/schema\/logo\/image\/","url":"https:\/\/cremaval.com\/wordpress\/wp-content\/uploads\/2022\/10\/crelogos.png","contentUrl":"https:\/\/cremaval.com\/wordpress\/wp-content\/uploads\/2022\/10\/crelogos.png","width":2160,"height":2160,"caption":"Cremaval"},"image":{"@id":"https:\/\/cremaval.com\/wordpress\/#\/schema\/logo\/image\/"},"sameAs":["https:\/\/es-es.facebook.com\/CreativabyCremaval\/","https:\/\/www.instagram.com\/creativabycremaval\/?hl=es"]}]}},"_links":{"self":[{"href":"https:\/\/cremaval.com\/wordpress\/wp-json\/wp\/v2\/pages\/30"}],"collection":[{"href":"https:\/\/cremaval.com\/wordpress\/wp-json\/wp\/v2\/pages"}],"about":[{"href":"https:\/\/cremaval.com\/wordpress\/wp-json\/wp\/v2\/types\/page"}],"author":[{"embeddable":true,"href":"https:\/\/cremaval.com\/wordpress\/wp-json\/wp\/v2\/users\/3"}],"replies":[{"embeddable":true,"href":"https:\/\/cremaval.com\/wordpress\/wp-json\/wp\/v2\/comments?post=30"}],"version-history":[{"count":14,"href":"https:\/\/cremaval.com\/wordpress\/wp-json\/wp\/v2\/pages\/30\/revisions"}],"predecessor-version":[{"id":221,"href":"https:\/\/cremaval.com\/wordpress\/wp-json\/wp\/v2\/pages\/30\/revisions\/221"}],"up":[{"embeddable":true,"href":"https:\/\/cremaval.com\/wordpress\/wp-json\/wp\/v2\/pages\/9"}],"wp:attachment":[{"href":"https:\/\/cremaval.com\/wordpress\/wp-json\/wp\/v2\/media?parent=30"}],"curies":[{"name":"wp","href":"https:\/\/api.w.org\/{rel}","templated":true}]}}