{"id":11,"date":"2013-02-19T19:15:17","date_gmt":"2013-02-19T18:15:17","guid":{"rendered":"http:\/\/www.cremaval.com\/wordpress\/?page_id=11"},"modified":"2025-01-29T20:16:40","modified_gmt":"2025-01-29T19:16:40","slug":"contacto","status":"publish","type":"page","link":"https:\/\/cremaval.com\/wordpress\/contacto\/","title":{"rendered":"Contacto"},"content":{"rendered":"<h1>Contacto<\/h1>\n<h2>\u00a0<\/h2>\n<h2><strong>Fabrica y Distribuci\u00f3n Quart de Poblet<\/strong><\/h2>\n<h2><strong><img decoding=\"async\" loading=\"lazy\" class=\"alignright size-full wp-image-265\" src=\"http:\/\/www.cremaval.com\/wordpress\/wp-content\/uploads\/2013\/02\/fabrica_cremaval.jpg\" alt=\"fabrica_cremaval\" width=\"311\" height=\"202\" srcset=\"https:\/\/cremaval.com\/wordpress\/wp-content\/uploads\/2013\/02\/fabrica_cremaval.jpg 311w, https:\/\/cremaval.com\/wordpress\/wp-content\/uploads\/2013\/02\/fabrica_cremaval-300x194.jpg 300w\" sizes=\"(max-width: 311px) 100vw, 311px\" \/><\/strong><\/h2>\n<p>Avenida Real Monasterio de Santa Mar\u00eda de Poblet, 5 B<\/p>\n<p>46930 Quart de Poblet (Valencia)<\/p>\n<p>Tel\u00e9fono: 96 153 24 12<\/p>\n<p>E-mail: <a href=\"malito:cremaval@cremaval.com\">cremaval@cremaval.com<\/a><\/p>\n<p>Administraci\u00f3n: <a href=\"malito:admin@cremaval.com\">admin@cremaval.com<\/a><\/p>\n<p>Comercial: <a href=\"malito:ventas@cremaval.com\">ventas@cremaval.com<\/a><\/p>\n<p>Tienda: <a href=\"malito:tienda@cremaval.com\">tienda@cremaval.com<\/a><\/p>\n<p><a href=\"https:\/\/www.google.com\/maps\/place\/CREMAVAL\/@39.4799765,-0.4556667,17z\/data=!3m1!4b1!4m6!3m5!1s0xd60500f2e211ce3:0x501e3691cc2197e!8m2!3d39.4799765!4d-0.4530864!16s%2Fg%2F1thw81qb?entry=ttu&amp;g_ep=EgoyMDI1MDEyNi4wIKXMDSoASAFQAw%3D%3D\" target=\"_blank\" rel=\"noopener\">Ver en Google Maps<\/a><\/p>\n<h1>\u00a0<\/h1>\n<h2><strong>Tienda de Valencia<\/strong><\/h2>\n<p>Distribuci\u00f3n: Avenida del Cid, 38 bajo<img decoding=\"async\" loading=\"lazy\" class=\"alignright\" src=\"https:\/\/lh5.googleusercontent.com\/p\/AF1QipNAGm7onVQwsuOEJKlKSyot0iTegPCaiMkWeVjS=w1080-k-no\" alt=\"Cremaval - Creativa en la ciudad Valencia\" width=\"278\" height=\"208\" \/><\/p>\n<p>46018 &#8211; Valencia<\/p>\n<p>Tel\u00e9fono: 96 350 17 77 &#8211; ext. 1<\/p>\n<p>E-mail: <a href=\"malito:tienda@cremaval.com\">tienda@cremaval.com<\/a><\/p>\n<p>S\u00edguenos en redes sociales: <a href=\"https:\/\/es-es.facebook.com\/CreativabyCremaval\/\">Facebook<\/a> e <a href=\"https:\/\/www.instagram.com\/creativabycremaval\/?hl=es\">Instagram<\/a><\/p>\n<p><a title=\"Ver en Google maps\" href=\"https:\/\/www.google.com\/maps\/place\/Cremaval+-+CREATIVA+Valencia\/@39.4686527,-0.3980352,17z\/data=!3m1!4b1!4m6!3m5!1s0xd604f2b193a38b5:0x4dac0dfbc19917af!8m2!3d39.4686527!4d-0.3954549!16s%2Fg%2F11gy4_8nry?entry=ttu&amp;g_ep=EgoyMDI1MDEyNi4wIKXMDSoASAFQAw%3D%3D\" target=\"_blank\" rel=\"noopener noreferrer\">Ver en Google Maps<\/a><\/p>\n\n\n<p><\/p>\n","protected":false},"excerpt":{"rendered":"<p>Contacto \u00a0 Fabrica y Distribuci\u00f3n Quart de Poblet Avenida Real Monasterio de Santa Mar\u00eda de Poblet, 5 B 46930 Quart de Poblet (Valencia) Tel\u00e9fono: 96 153 24 12 E-mail: cremaval@cremaval.com Administraci\u00f3n: admin@cremaval.com Comercial: ventas@cremaval.com Tienda: tienda@cremaval.com Ver en Google Maps \u00a0 Tienda de Valencia Distribuci\u00f3n: Avenida del Cid, 38 bajo 46018 &#8211; Valencia Tel\u00e9fono: 96 [&hellip;]<\/p>\n","protected":false},"author":3,"featured_media":0,"parent":0,"menu_order":0,"comment_status":"open","ping_status":"closed","template":"","meta":{"footnotes":""},"yoast_head":"<!-- This site is optimized with the Yoast SEO plugin v21.0 - https:\/\/yoast.com\/wordpress\/plugins\/seo\/ -->\n<title>Contacto - Cremaval<\/title>\n<meta name=\"robots\" content=\"index, follow, max-snippet:-1, max-image-preview:large, max-video-preview:-1\" \/>\n<link rel=\"canonical\" href=\"https:\/\/cremaval.com\/wordpress\/contacto\/\" \/>\n<meta property=\"og:locale\" content=\"es_ES\" \/>\n<meta property=\"og:type\" content=\"article\" \/>\n<meta property=\"og:title\" content=\"Contacto - Cremaval\" \/>\n<meta property=\"og:description\" content=\"Contacto \u00a0 Fabrica y Distribuci\u00f3n Quart de Poblet Avenida Real Monasterio de Santa Mar\u00eda de Poblet, 5 B 46930 Quart de Poblet (Valencia) Tel\u00e9fono: 96 153 24 12 E-mail: cremaval@cremaval.com Administraci\u00f3n: admin@cremaval.com Comercial: ventas@cremaval.com Tienda: tienda@cremaval.com Ver en Google Maps \u00a0 Tienda de Valencia Distribuci\u00f3n: Avenida del Cid, 38 bajo 46018 &#8211; Valencia Tel\u00e9fono: 96 [&hellip;]\" \/>\n<meta property=\"og:url\" content=\"https:\/\/cremaval.com\/wordpress\/contacto\/\" \/>\n<meta property=\"og:site_name\" content=\"Cremaval\" \/>\n<meta property=\"article:publisher\" content=\"https:\/\/es-es.facebook.com\/CreativabyCremaval\/\" \/>\n<meta property=\"article:modified_time\" content=\"2025-01-29T19:16:40+00:00\" \/>\n<meta property=\"og:image\" content=\"http:\/\/www.cremaval.com\/wordpress\/wp-content\/uploads\/2013\/02\/fabrica_cremaval.jpg\" \/>\n<meta name=\"twitter:card\" content=\"summary_large_image\" \/>\n<meta name=\"twitter:label1\" content=\"Tiempo de lectura\" \/>\n\t<meta name=\"twitter:data1\" content=\"1 minuto\" \/>\n<script type=\"application\/ld+json\" class=\"yoast-schema-graph\">{\"@context\":\"https:\/\/schema.org\",\"@graph\":[{\"@type\":\"WebPage\",\"@id\":\"https:\/\/cremaval.com\/wordpress\/contacto\/\",\"url\":\"https:\/\/cremaval.com\/wordpress\/contacto\/\",\"name\":\"Contacto - Cremaval\",\"isPartOf\":{\"@id\":\"https:\/\/cremaval.com\/wordpress\/#website\"},\"datePublished\":\"2013-02-19T18:15:17+00:00\",\"dateModified\":\"2025-01-29T19:16:40+00:00\",\"breadcrumb\":{\"@id\":\"https:\/\/cremaval.com\/wordpress\/contacto\/#breadcrumb\"},\"inLanguage\":\"es\",\"potentialAction\":[{\"@type\":\"ReadAction\",\"target\":[\"https:\/\/cremaval.com\/wordpress\/contacto\/\"]}]},{\"@type\":\"BreadcrumbList\",\"@id\":\"https:\/\/cremaval.com\/wordpress\/contacto\/#breadcrumb\",\"itemListElement\":[{\"@type\":\"ListItem\",\"position\":1,\"name\":\"Portada\",\"item\":\"https:\/\/cremaval.com\/wordpress\/\"},{\"@type\":\"ListItem\",\"position\":2,\"name\":\"Contacto\"}]},{\"@type\":\"WebSite\",\"@id\":\"https:\/\/cremaval.com\/wordpress\/#website\",\"url\":\"https:\/\/cremaval.com\/wordpress\/\",\"name\":\"Cremaval\",\"description\":\"Fabrica de Cremalleras Hilos de Coser Cintas de Cierre\",\"publisher\":{\"@id\":\"https:\/\/cremaval.com\/wordpress\/#organization\"},\"potentialAction\":[{\"@type\":\"SearchAction\",\"target\":{\"@type\":\"EntryPoint\",\"urlTemplate\":\"https:\/\/cremaval.com\/wordpress\/?s={search_term_string}\"},\"query-input\":\"required name=search_term_string\"}],\"inLanguage\":\"es\"},{\"@type\":\"Organization\",\"@id\":\"https:\/\/cremaval.com\/wordpress\/#organization\",\"name\":\"Cremaval\",\"url\":\"https:\/\/cremaval.com\/wordpress\/\",\"logo\":{\"@type\":\"ImageObject\",\"inLanguage\":\"es\",\"@id\":\"https:\/\/cremaval.com\/wordpress\/#\/schema\/logo\/image\/\",\"url\":\"https:\/\/cremaval.com\/wordpress\/wp-content\/uploads\/2022\/10\/crelogos.png\",\"contentUrl\":\"https:\/\/cremaval.com\/wordpress\/wp-content\/uploads\/2022\/10\/crelogos.png\",\"width\":2160,\"height\":2160,\"caption\":\"Cremaval\"},\"image\":{\"@id\":\"https:\/\/cremaval.com\/wordpress\/#\/schema\/logo\/image\/\"},\"sameAs\":[\"https:\/\/es-es.facebook.com\/CreativabyCremaval\/\",\"https:\/\/www.instagram.com\/creativabycremaval\/?hl=es\"]}]}<\/script>\n<!-- \/ Yoast SEO plugin. -->","yoast_head_json":{"title":"Contacto - Cremaval","robots":{"index":"index","follow":"follow","max-snippet":"max-snippet:-1","max-image-preview":"max-image-preview:large","max-video-preview":"max-video-preview:-1"},"canonical":"https:\/\/cremaval.com\/wordpress\/contacto\/","og_locale":"es_ES","og_type":"article","og_title":"Contacto - Cremaval","og_description":"Contacto \u00a0 Fabrica y Distribuci\u00f3n Quart de Poblet Avenida Real Monasterio de Santa Mar\u00eda de Poblet, 5 B 46930 Quart de Poblet (Valencia) Tel\u00e9fono: 96 153 24 12 E-mail: cremaval@cremaval.com Administraci\u00f3n: admin@cremaval.com Comercial: ventas@cremaval.com Tienda: tienda@cremaval.com Ver en Google Maps \u00a0 Tienda de Valencia Distribuci\u00f3n: Avenida del Cid, 38 bajo 46018 &#8211; Valencia Tel\u00e9fono: 96 [&hellip;]","og_url":"https:\/\/cremaval.com\/wordpress\/contacto\/","og_site_name":"Cremaval","article_publisher":"https:\/\/es-es.facebook.com\/CreativabyCremaval\/","article_modified_time":"2025-01-29T19:16:40+00:00","og_image":[{"url":"http:\/\/www.cremaval.com\/wordpress\/wp-content\/uploads\/2013\/02\/fabrica_cremaval.jpg"}],"twitter_card":"summary_large_image","twitter_misc":{"Tiempo de lectura":"1 minuto"},"schema":{"@context":"https:\/\/schema.org","@graph":[{"@type":"WebPage","@id":"https:\/\/cremaval.com\/wordpress\/contacto\/","url":"https:\/\/cremaval.com\/wordpress\/contacto\/","name":"Contacto - Cremaval","isPartOf":{"@id":"https:\/\/cremaval.com\/wordpress\/#website"},"datePublished":"2013-02-19T18:15:17+00:00","dateModified":"2025-01-29T19:16:40+00:00","breadcrumb":{"@id":"https:\/\/cremaval.com\/wordpress\/contacto\/#breadcrumb"},"inLanguage":"es","potentialAction":[{"@type":"ReadAction","target":["https:\/\/cremaval.com\/wordpress\/contacto\/"]}]},{"@type":"BreadcrumbList","@id":"https:\/\/cremaval.com\/wordpress\/contacto\/#breadcrumb","itemListElement":[{"@type":"ListItem","position":1,"name":"Portada","item":"https:\/\/cremaval.com\/wordpress\/"},{"@type":"ListItem","position":2,"name":"Contacto"}]},{"@type":"WebSite","@id":"https:\/\/cremaval.com\/wordpress\/#website","url":"https:\/\/cremaval.com\/wordpress\/","name":"Cremaval","description":"Fabrica de Cremalleras Hilos de Coser Cintas de Cierre","publisher":{"@id":"https:\/\/cremaval.com\/wordpress\/#organization"},"potentialAction":[{"@type":"SearchAction","target":{"@type":"EntryPoint","urlTemplate":"https:\/\/cremaval.com\/wordpress\/?s={search_term_string}"},"query-input":"required name=search_term_string"}],"inLanguage":"es"},{"@type":"Organization","@id":"https:\/\/cremaval.com\/wordpress\/#organization","name":"Cremaval","url":"https:\/\/cremaval.com\/wordpress\/","logo":{"@type":"ImageObject","inLanguage":"es","@id":"https:\/\/cremaval.com\/wordpress\/#\/schema\/logo\/image\/","url":"https:\/\/cremaval.com\/wordpress\/wp-content\/uploads\/2022\/10\/crelogos.png","contentUrl":"https:\/\/cremaval.com\/wordpress\/wp-content\/uploads\/2022\/10\/crelogos.png","width":2160,"height":2160,"caption":"Cremaval"},"image":{"@id":"https:\/\/cremaval.com\/wordpress\/#\/schema\/logo\/image\/"},"sameAs":["https:\/\/es-es.facebook.com\/CreativabyCremaval\/","https:\/\/www.instagram.com\/creativabycremaval\/?hl=es"]}]}},"_links":{"self":[{"href":"https:\/\/cremaval.com\/wordpress\/wp-json\/wp\/v2\/pages\/11"}],"collection":[{"href":"https:\/\/cremaval.com\/wordpress\/wp-json\/wp\/v2\/pages"}],"about":[{"href":"https:\/\/cremaval.com\/wordpress\/wp-json\/wp\/v2\/types\/page"}],"author":[{"embeddable":true,"href":"https:\/\/cremaval.com\/wordpress\/wp-json\/wp\/v2\/users\/3"}],"replies":[{"embeddable":true,"href":"https:\/\/cremaval.com\/wordpress\/wp-json\/wp\/v2\/comments?post=11"}],"version-history":[{"count":22,"href":"https:\/\/cremaval.com\/wordpress\/wp-json\/wp\/v2\/pages\/11\/revisions"}],"predecessor-version":[{"id":650,"href":"https:\/\/cremaval.com\/wordpress\/wp-json\/wp\/v2\/pages\/11\/revisions\/650"}],"wp:attachment":[{"href":"https:\/\/cremaval.com\/wordpress\/wp-json\/wp\/v2\/media?parent=11"}],"curies":[{"name":"wp","href":"https:\/\/api.w.org\/{rel}","templated":true}]}}